(-3))/((-4)/30). What is the greatest common factor of n and a?
5
Suppose -4*c + 0*c = -2304. Let m be 7*(-4)/(-2) - (-10)/15*6. What is the greatest common factor of m and c?
18
Let d = 6393 - 6382. Calculate the greatest common factor of d and 6743.
11
Suppose 2849*q - 2825*q - 78480 = 0. Calculate the greatest common divisor of q and 30.
30
Suppose 3*s + 3*f - 37362 = 0, -53*s + 58*s - 4*f - 62288 = 0. Calculate the highest common divisor of 72 and s.
72
Let c(q) = q**3 - 13*q**2 + 14*q + 17. Let a be c(12). Let u = 28575 - 27550. What is the highest common factor of u and a?
41
Let c(b) = 8*b**2 + b - 6. Let a be c(6). Let f be (-2*(-1 - -2))/((-28)/2016). Suppose -5*j = -j - f. Calculate the greatest common factor of j and a.
36
Suppose -1324 + 1188 = -136*u. Suppose 3*g = -4*q + 47, -2*q = g - 4 - 11. Calculate the highest common factor of u and g.
1
Let c(v) = -10 + 3*v - 11 - 10*v + v. Let w be c(-5). What is the highest common factor of w and 39?
3
Let y(q) = 2*q**2 - 5*q + 6. Let o be y(2). Let v = -22 - -22. Suppose v = -p - o*p + 345. Calculate the greatest common divisor of 23 and p.
23
Suppose 5 + 13 = 6*u. Suppose 0 = u*n - 3*b - 69, b - 43 + 12 = -2*n. Calculate the greatest common divisor of 6 and n.
6
Let u(c) = -17*c + 337. Let i be u(35). Let g = 272 + i. What is the greatest common divisor of g and 1022?
14
Let v = 47 + -45. Suppose v*w + 169 = 5*b, b + w - 50 = -4*w. Calculate the highest common divisor of 35 and b.
35
Suppose 1067*z - 1697 - 8973 = 0. Let u(x) = -x**3 + 6*x**2 + 5*x + 5. Let f be u(-4). Calculate the greatest common factor of z and f.
5
Suppose -v + 174*r - 173*r + 2366 = 0, -5*v + 11830 = 2*r. Calculate the highest common factor of v and 126.
14
Suppose -2 = -3*k + 7. Let a be (6 - 495/20)/(k/(-16)). Let y(j) = 20*j. Let v be y(2). What is the highest common factor of v and a?
20
Suppose 0 = -4*y - 19*t + 18*t + 4870, 18 = 3*t. What is the greatest common divisor of 228 and y?
76
Suppose -36*z - 77*z + 5022 = -20*z. What is the highest common factor of z and 24138?
54
Let w(d) = -d + 4. Let b be w(-9). Suppose -2*p = 0, p = -3*n + 20 + b. Suppose 25*k - 11*k - 1078 = 0. What is the highest common factor of n and k?
11
Let t = 6969 - 2093. Calculate the highest common factor of t and 424.
212
Suppose -v + w + 20 = 0, -3*v = -5*w + w - 62. Let n(u) = 4*u - 60. Let c be n(v). Let f be 6/(-15) - (-124)/10. What is the highest common divisor of f and c?
12
Suppose -16 = -2*d - 58*r + 59*r, -20 = -2*d + 2*r. What is the highest common divisor of d and 7470?
6
Suppose 5 = -7*j + 8*j. Let t be ((-6)/j)/((-8)/20). Let b be (t + -1)*(-3)/((-12)/22). What is the highest common divisor of 11 and b?
11
Let o(i) = i**3 - 26*i**2 + 81*i - 51. Let p be o(23). Let w = -5 - -3. Let g(z) = -23*z - 1. Let r be g(w). What is the highest common divisor of r and p?
45
Suppose -7 + 1 = -2*l. Let t be (3/2)/(l/(6/1)). Let o(z) = -22*z**3 - z**2 + z + 1. Let s be o(-1). What is the greatest common factor of t and s?
3
Let b be -2 - (-2176)/10 - (-60)/150. Calculate the greatest common divisor of 1206 and b.
18
Suppose 0 = -6*t + 12*t - 630. Suppose 3*i + 3*b - t = 1968, -703 = -i + 5*b. Calculate the highest common divisor of i and 63.
63
Let l(t) = 11*t**2 - 8*t - 8. Let p be l(6). Let s = 28 + -28. Suppose -11*q + 8*q + 102 = s. Calculate the greatest common factor of p and q.
34
Let f be 1/(-3) - 1710/(-27). Suppose 3*r - 111 = -b, -5*b - 58 = 3*r - 193. Calculate the greatest common divisor of f and r.
7
Suppose 3*p = 3*y + 6744, -5*p = -3*y - 9632 - 1600. What is the highest common divisor of p and 132?
132
Let t be 104/(-6)*(-3)/2. Suppose -9 = c - 5*x, 0 = -3*c - x + t + 27. Let w be (-498)/(-332) - (-13)/2. Calculate the highest common divisor of w and c.
8
Let f(l) = -l - 7. Let g be f(-2). Let a be 4 + -1 + 17 + g - 1. Suppose 0 = o - 19 - a. What is the greatest common divisor of o and 3?
3
Suppose 2030 = -11*g - 3*g. Let i be ((-522)/g)/(3/20). What is the highest common divisor of 80 and i?
8
Let y = 1427 - -1949. Calculate the highest common divisor of y and 16.
16
Let b be (-14500)/174*(-72)/5. Suppose -8*u + b = 16*u. Calculate the highest common divisor of u and 6.
2
Suppose 11*y - 6*y - 2*j = 6045, -2*y + j + 2418 = 0. What is the greatest common factor of 20956 and y?
403
Let p be (-40)/6*((-8)/80 + 5446/(-20)). What is the highest common divisor of 56 and p?
8
Suppose -146 = 4*h + 402. Let v = h - -138. What is the highest common factor of v and 31?
1
Let i(n) = 8*n**2 + 15*n - 15. Let b be i(1). What is the greatest common divisor of 4936 and b?
8
Let c be 18*(-4 - (-50)/4). Suppose 5*a + m = 341, 4*a - 185 = -m + 88. Calculate the greatest common factor of a and c.
17
Let o(i) = -40*i - 164. Let u be o(-5). Suppose -3*z - b + 773 = -z, 3*b = 2*z - 753. Calculate the highest common factor of z and u.
12
Let c = 3737 + -3700. Calculate the highest common factor of c and 259.
37
Let l be 4/4*10 - -67. Let f = -2 - -4. Suppose 139 + l = f*b. Calculate the highest common factor of 12 and b.
12
Suppose 298*l - 43*l - 319261 = 509489. Calculate the highest common factor of l and 130.
130
Suppose -7*q - 5 = -8*q, 2*q = 3*p - 140. Suppose -r = -6*r + 50. Calculate the greatest common divisor of p and r.
10
Let x(r) = r**2 + 14*r + 50. Let w be x(-9). What is the highest common divisor of w and 2770?
5
Suppose -37 = -3*p + q, 22 = 2*p - 0*q + 2*q. Suppose -n + 880 = 5*k, -p*k + 14*k - 352 = 3*n. What is the greatest common divisor of k and 16?
16
Let c = 19 - -13. Suppose 29*s + 120*s - 77024 = -17*s. Calculate the greatest common factor of c and s.
16
Suppose 4*w + 4*k = 696, -3*k - 2*k - 669 = -4*w. Let q = w - 111. What is the highest common factor of q and 50?
10
Let x = 156 + -84. Suppose -4*h + 2264 - 1896 = 42*h. Calculate the highest common divisor of x and h.
8
Let k(j) = -10*j**2 + 35*j + 6. Let u be k(3). Let g be u/5*20/6. What is the greatest common divisor of 1162 and g?
14
Let b be 236 + 92 + -2 + (3 - -1). Suppose 9*i = 10*i - 60. Calculate the highest common factor of i and b.
30
Let n = -7 + 5. Let j be n/((-4)/42) + 0. Let x = -229970 - -229973. What is the greatest common divisor of j and x?
3
Let a be (1 + 1)/(5 - 4). Suppose -a*x = 3*x + 20, 2*x - 196 = -4*s. What is the greatest common factor of 34 and s?
17
Let c(v) = 47*v**3 + 10*v**2 + 10*v + 1. Let g be c(6). Suppose 0 = 27*o + 2149 - g. What is the highest common divisor of o and 24?
24
Let j be 3/5 - 537/(-5). Let w = 35 - j. Let z = -18 - w. What is the greatest common divisor of 11 and z?
11
Let b(i) = i**2 + 4*i - 8. Let z be 4/((-5)/1*(-6)/15). Suppose -z*x = x - 18. Let n be b(x). What is the greatest common factor of n and 39?
13
Let v be ((-364)/(-154))/13 + 4/(-22). Let r(c) = 4*c + 50. Let h be r(v). Calculate the greatest common factor of 60 and h.
10
Let d = -675 + 1154. Let n = d - 309. What is the highest common divisor of 30 and n?
10
Let z(o) = -o**3 - 5*o**2 + 22*o + 146. Let i be z(-5). Calculate the greatest common divisor of 693 and i.
9
Let q be -20*10/(-40) - -160. Calculate the greatest common factor of q and 40.
5
Suppose -5*y - 5*t = -1305, 255 = y + 86*t - 83*t. Calculate the greatest common divisor of y and 5.
1
Suppose 8*j - 69 - 99 = 0. Suppose -323 + 113 = -j*y. What is the highest common divisor of 90 and y?
10
Let t(f) = 13*f**3 - 13*f**2 + f + 4. Let u be t(2). What is the highest common factor of u and 6?
2
Suppose 3*z + 1956 = 4*t + 10343, 0 = 3*t + 6. What is the greatest common factor of 19 and z?
19
Let m = 7299 - 5430. What is the greatest common factor of m and 178?
89
Suppose 2*x - 40 = -5*c - 15, 5*c = 5*x - 115. Let a be (1/(-2))/(2/(-20)). Suppose -2*h = -a*h + 420. What is the greatest common factor of x and h?
20
Let v = 8 + 1. Suppose 61*z + 21*z - 14697 = 11*z. What is the greatest common divisor of z and v?
9
Let h(t) = -7*t - 15. Let d be 1*(13/(-1) + (-5 - -8)). Let y be h(d). Let p = -87 - -142. Calculate the greatest common factor of p and y.
55
Let b be (-38955)/(-1785) + 9/51. Calculate the greatest common divisor of b and 12067.
11
Suppose -5*j + 4 = 4*f, 0 = -3*f + 2*f + 1. Suppose 2*a + 5*c = 50, j*a - 2*c + 104 = 5*a. What is the greatest common divisor of a and 100?
20
Suppos